Let r(m) = m**2 + 37*m + 94. Determine r(-34).
-8
Let g(d) = 3*d**2 - 18*d - 10. Calculate g(7).
11
Let h(x) = 3*x**3 + 8*x - 2. Give h(3).
103
Let u(a) = -2*a**3 - 55*a**2 + 28*a + 12. Calculate u(-28).
12
Let w(n) = n**3 - 2*n**2 - 7*n + 5. Determine w(4).
9
Let q(b) = 3*b - 3. Give q(-5).
-18
Let r(m) = -5*m + 50. Calculate r(-15).
125
Let f(i) = 2*i**2 + 6*i + 9. Calculate f(-3).
9
Let c(z) = -16*z - 8. Give c(-2).
24
Let r(y) = y**3 + 7*y**2 - 8*y - 2. What is r(-8)?
-2
Let i(r) = r**2 + 9*r + 1. Calculate i(-8).
-7
Let h(k) = k**2 + 3*k + 4. Determine h(-3).
4
Let u(n) = n**2 + 13*n + 18. Give u(-12).
6
Let l(y) = y**3 - 5*y**2 - 18*y - 1. Give l(8).
47
Let a(f) = f**2 + 9*f - 8. What is a(-7)?
-22
Let y(a) = 5*a + 38. What is y(-8)?
-2
Let f(d) = -d**2 + 7*d - 47. Determine f(12).
-107
Let a(s) = s**2 + 22*s + 20. Determine a(-11).
-101
Let o(g) = g**3 - 10*g**2 + 16*g - 10. Determine o(8).
-10
Let f(q) = -6*q - 4. Give f(3).
-22
Let x(p) = -61*p**2 - 20*p - 19. What is x(-1)?
-60
Let f(a) = -a**3 - 16*a**2 + 15*a - 24. Determine f(-17).
10
Let a(t) = -t**2 - 3*t + 9. What is a(4)?
-19
Let m(h) = -h**2 + 17*h - 18. Calculate m(0).
-18
Let z(q) = -q**2 + 8*q + 7. Calculate z(0).
7
Let n(k) = k**3 + 7*k**2 - 19*k - 9. Determine n(-9).
0
Let q(i) = -i**2 - 18*i - 20. Determine q(-14).
36
Let g(u) = 3*u**3 + u**2 - 9*u - 16. Calculate g(-2).
-18
Let s(y) = -2*y**2 - 10*y + 6. Give s(-6).
-6
Let n(a) = a**3 - 4*a**2 - 10*a + 4. Determine n(7).
81
Let b(j) = 14*j - 4. Calculate b(2).
24
Let l(q) = -q**3 + 21*q**2 - 36*q - 9. Determine l(19).
29
Let f(j) = -j**3 - 14*j**2 - 25*j - 11. Determine f(-10).
-161
Let t(v) = v**3 - 2*v**2 - 2*v. Give t(3).
3
Let w(o) = o**3 + 3*o**2 - 5*o + 3. Determine w(-4).
7
Let u(t) = 5*t**2 - 18*t - 4. Determine u(4).
4
Let s(t) = t**2 - 5*t + 10. What is s(4)?
6
Let l(x) = x**2 - 396. Give l(-20).
4
Let b(r) = -2*r + 7. Determine b(-9).
25
Let u(y) = -4*y**3 + 3*y**2 - 3*y + 1. What is u(2)?
-25
Let t(b) = -b**2 + 14*b - 19. Determine t(13).
-6
Let k(c) = -15*c - 33. What is k(-2)?
-3
Let f(q) = -q**3 - 5*q**2 + 5*q - 2. Determine f(-5).
-27
Let g(b) = b**3 - 8*b**2 + 14*b - 2. Determine g(4).
-10
Let p(r) = -r**2 - 15*r - 10. Determine p(-14).
4
Let d(h) = h**3 + 2*h**2 - 5*h - 4. What is d(-4)?
-16
Let t(q) = -2*q**2 + 20*q + 236. Calculate t(-7).
-2
Let k(p) = -p**2 + 10*p - 26. What is k(6)?
-2
Let r(u) = -u**2 + 11*u - 21. What is r(8)?
3
Let z(l) = -3*l - 35. Determine z(10).
-65
Let f(d) = 5*d**2 - d. Calculate f(1).
4
Let a(u) = -u**3 + 6*u**2 + 4*u - 5. What is a(4)?
43
Let n(c) = -4*c - 27. Calculate n(-8).
5
Let k(h) = 13*h - 15. Calculate k(6).
63
Let j(h) = 4*h - 3. Give j(-4).
-19
Let u(r) = -r**3 + 3*r**2 + 7*r - 8. What is u(4)?
4
Let y(h) = h**3 - 8*h**2 + 10*h - 10. Give y(8).
70
Let y(q) = -47*q - 188. What is y(-4)?
0
Let r(i) = 8*i + 27. Give r(-2).
11
Let u(x) = 9*x**3 + 3*x**2 - 3*x + 1. Determine u(1).
10
Let l(m) = 4*m. Determine l(2).
8
Let q(g) = -g**3 + 2*g**2 + 9*g - 13. Calculate q(3).
5
Let l(m) = m + 98. Determine l(-40).
58
Let o(l) = -l**3 + 14*l**2 + 19*l - 45. Give o(15).
15
Let d(x) = -x**3 + 5*x**2 + 7*x + 5. Calculate d(6).
11
Let s(u) = 101*u + 3. Determine s(-1).
-98
Let s(o) = -o**3 - 4*o**2 + 5*o - 4. What is s(-5)?
-4
Let s(h) = -h**2 - 14*h + 20. Determine s(-15).
5
Let j(c) = -c**3 - 9*c**2 - 2*c - 5. Calculate j(-8).
-53
Let g(n) = -n**2 + 2*n + 6. What is g(0)?
6
Let n(v) = 2*v**2 + 3*v - 10. Determine n(3).
17
Let c(b) = -b**3 - 6*b**2 + 42*b + 1. Give c(4).
9
Let g(m) = -m**3 - 25*m**2 - 22*m + 21. Calculate g(-24).
-27
Let u(d) = 3*d**3 + 8*d**2 + 11*d + 11. Calculate u(-2).
-3
Let q(g) = g**2 + 8*g + 2. Give q(-9).
11
Let k(a) = -2*a**3 - 3*a**2. What is k(-2)?
4
Let z(j) = -9*j + 5. Give z(1).
-4
Let h(t) = 4*t + 24. Give h(-6).
0
Let s(b) = 5*b + 7. Give s(-9).
-38
Let b(f) = -f**2 - 7*f - 7. Calculate b(-8).
-15
Let m(f) = -9*f**2 - 1. Determine m(1).
-10
Let k(t) = -t**2 + 38*t - 68. What is k(36)?
4
Let v(l) = -2*l**3 + 4*l**2 + 7*l - 7. Determine v(3).
-4
Let z(h) = 7*h - 50. Determine z(7).
-1
Let o(v) = 16*v**2 - 3*v - 3. Give o(-2).
67
Let l(r) = -r**2 + 13*r + 18. Give l(10).
48
Let x(a) = -a**3 - 4*a**2 - 6*a + 4. Give x(-5).
59
Let s(r) = -13*r**3 - 2*r**2 - r - 1. Calculate s(-1).
11
Let l(m) = m**3 - 15*m**2 - 3*m + 3. Give l(15).
-42
Let a(r) = r**2 + 3*r - 8. Give a(-5).
2
Let m(r) = -18*r**3 - 2*r**2 - r. Calculate m(-1).
17
Let s(d) = d**3 - 23*d**2 + 11. What is s(23)?
11
Let f(i) = -2*i**3 + 27*i**2 + 20*i - 26. Give f(14).
58
Let i(k) = -k**2 + 4*k - 1. Determine i(5).
-6
Let n(f) = -f - 18. Determine n(13).
-31
Let o(w) = -5*w**3 + 3*w**2 - 2*w - 4. Calculate o(-1).
6
Let v(t) = 3*t**2 - 21*t + 33. What is v(5)?
3
Let d(h) = -h - 10. Give d(-9).
-1
Let x(w) = -2*w**2 - 13*w + 8. Give x(0).
8
Let d(a) = -10*a + 2. Calculate d(2).
-18
Let i(r) = -19*r - 98. What is i(-5)?
-3
Let y(r) = -r**2 + 2*r + 2. What is y(-4)?
-22
Let q(c) = -4*c**3 + 3*c + 1. What is q(2)?
-25
Let z(k) = 4*k**2 + k - 1. Give z(-1).
2
Let s(b) = 4*b - 17. Calculate s(6).
7
Let z(p) = -18*p - 3. Determine z(1).
-21
Let h(g) = -6*g + 48. Determine h(11).
-18
Let r(q) = 9*q - 428. What is r(48)?
4
Let q(x) = -x**3 + 12*x**2 + 13*x + 10. Give q(13).
10
Let m(g) = -g - 16. Determine m(-13).
-3
Let g(f) = -f + 39. Calculate g(25).
14
Let a(d) = d**3 - 6*d**2 + 2*d + 6. Calculate a(5).
-9
Let x(w) = -w**3 - 2*w**2 - 7*w - 10. Determine x(-5).
100
Let g(l) = 25*l - 4. Calculate g(-1).
-29
Let t(u) = -u**2 - 18*u + 15. Determine t(-19).
-4
Let w(s) = -13*s - 7. Determine w(-2).
19
Let k(b) = -b - 14. Calculate k(9).
-23
Let f(b) = -b**2 - 10*b + 10. Calculate f(-8).
26
Let d(s) = -s + 10. Give d(3).
7
Let l(j) = -2*j - 6. What is l(-11)?
16
Let g(h) = -h**3 + h**2 - 2*h + 3. Determine g(2).
-5
Let i(v) = -6*v + 56. What is i(23)?
-82
Let k(c) = c**3 + 8*c**2 + 7*c - 8. Give k(-7).
-8
Let c(d) = -8*d - 121. Calculate c(-14).
-9
Let l(y) = -y**2 - 15*y - 63. What is l(-7)?
-7
Let k(n) = 215*n + 2147. Determine k(-10).
-3
Let u(h) = 51*h**3 + 3*h**2 - 2*h. Determine u(1).
52
Let c(j) = -2*j + 25. Determine c(6).
13
Let x(b) = -b**2 + 27*b - 15. Calculate x(27).
-15
Let p(d) = -d**3 - 8*d**2 + 8*d + 9. What is p(-9)?
18
Let q(m) = 2*m**3 + 21*m**2 - 5*m + 9. Calculate q(-11).
-57
Let x(a) = -a**3 - 7*a**2 + 3*a + 15. Determine x(-7).
-6
Let k(s) = -s**3 + 10*s**2 + 11*s - 1. Calculate k(11).
-1
Let d(n) = -n**3 - n**2 + 4*n - 12. What is d(-5)?
68
Let y(a) = -2*a**3 - 4*a**2 + 2*a + 2. Determine y(-3).
14
Let z(u) = -59*u + 162. Determine z(3).
-15
Let t(d) = 2*d**3 + 5*d**2 - d + 5. Determine t(-4).
-39
Let k(l) = -108*l - 1074. Determine k(-10).
6
Let p(k) = 5*k + 1. What is p(-1)?
-4
Let r(h) = -h - 9. Calculate r(-2).
-7
Let l(i) = -12*i - 44. Calculate l(-6).
28
Let b(k) = -6*k - 44. What is b(-8)?
4
Let s(q) = -6*q**2 + 4*q - 3. What is s(2)?
-19
Let b(j) = -j**3 + 4*j**2 + 6*j - 5. Determine b(5).
0
Let r(z) = -3*z**2 + 47*z + 16. Give r(16).
0
Let v(b) = -b**2 + 3*b - 3. What is v(-5)?
-43
Let h(x) = 3*x**2 + 4*x + 1. Calculate h(-3).
16
Let h(q) = -2*q**2 - 33*q + 57. Determine h(-18).
3
Let m(d) = d**3 + 16*d**2 + 6*d + 2. Calculate m(-15).
137
Let l(f) = 24*f**2 - 10*f + 31. Determine l(3).
217
Let p(v) = -v**2 - 8*v + 5. Give p(-9).
-4
Let m(s) = -2*s**2 + 39*s - 48. What is m(18)?
6
Let p(k) = -8*k**3 - 2*k**2 + 2*k - 1. Determine p(1).
-9
Let a(b) = -2*b - 19. What is a(-7)?
-5
Let x(a) = a**3 + 17*a**2 + 29*a - 7. Calculate x(-15).
8
Let w(p) = 5*p - 25. Give w(3).
-10
Let q(y) = y**3 - 6*y**2 + 10*y - 6. What is q(4)?
2
Let m(d) = -2*d**2 - 14*d + 53. Give m(-10).
-7
Let r(y) = -4*y**3 + y**2 - y + 1. What is r(0)?
1
Let i(v) = -v + 9. Calculate i(-13).
22
Let y(i) = -i**2 + 5*i - 12. What is y(8)?
-36
Let p(y) = 2*y**3 + 3*y**2 + 3*y + 2. Calculate p(-2).
-8
Let h(z) = -z**3 + 11*z**2 + 22*z + 25. Determine h(13).
-27
Let l(u) = -u**3 - 11*u**2 - 27*u - 19. Determine l(-8).
5
Let l(j) = j**2 + 8*j + 2. Give l(-3).
-13
Let o(z) = 5*z - 103. Give o(30).
47
Let q(s) = -46*s + 138. Give q(3).
0
Let u(s) = -82*s + 13. Give u(2).
-151
Let h(l) = -l**3 + l**2 + 6*l - 3. Calculate h(4).
-27
Let s(j) = j - 20. Calculate s(10).
-10
Let d(p) = p**3 + 12*p**2 - 8*p + 1